{"id":2296,"date":"2025-07-09T12:39:11","date_gmt":"2025-07-09T12:39:11","guid":{"rendered":"https:\/\/ldstudio.si\/?post_type=product&#038;p=2296"},"modified":"2026-04-03T10:29:49","modified_gmt":"2026-04-03T10:29:49","slug":"personaliziran-topper-iz-pleksi-stekla","status":"publish","type":"product","link":"https:\/\/ldstudio.si\/index.php\/product\/personaliziran-topper-iz-pleksi-stekla\/","title":{"rendered":"Personaliziran topper iz pleksi stekla \u2013 za obhajilo, krst, birmo"},"content":{"rendered":"<p data-path-to-node=\"4\">Dodajte poseben sijaj najlep\u0161im trenutkom z na\u0161im personaliziranim topperjem iz pleksi stekla. Napis je pobarvan v elegantno zlato barvo, ki vsaki torti podari presti\u017een videz.<\/p>\n<p data-path-to-node=\"5\">Topper je popolna izbira za vse pomembne kr\u0161\u010danske zakramente in prilo\u017enosti:<br \/>\n&#8211; Sveti krst<br \/>\n&#8211; Prvo sveto obhajilo<br \/>\n&#8211; Sveta birma<\/p>\n<p data-path-to-node=\"7\">Z izbiro imena in prilo\u017enosti dodate svojemu slavju osebno noto, ki bo ostala v trajnem spominu.<\/p>\n<p><u>Lastnosti:<\/u><br \/>\nMaterial: pleksi steklo (debeline 3mm)<br \/>\nVelikost: odvisno od zakramenta<\/p>\n","protected":false},"excerpt":{"rendered":"<p>Dodajte poseben sijaj najlep\u0161im trenutkom z na\u0161im personaliziranim topperjem iz pleksi stekla. Napis je pobarvan v elegantno zlato barvo, ki vsaki torti podari presti\u017een videz. Topper je popolna izbira za vse pomembne kr\u0161\u010danske zakramente in prilo\u017enosti: &#8211; Sveti krst &#8211; Prvo sveto obhajilo &#8211; Sveta birma Z izbiro imena in prilo\u017enosti dodate svojemu slavju osebno [&hellip;]<\/p>\n","protected":false},"featured_media":2805,"comment_status":"open","ping_status":"closed","template":"","meta":[],"product_brand":[],"product_cat":[62],"product_tag":[],"class_list":{"0":"post-2296","1":"product","2":"type-product","3":"status-publish","4":"has-post-thumbnail","6":"product_cat-napisi-za-torte","7":"wcpa_has_options","9":"first","10":"instock","11":"shipping-taxable","12":"purchasable","13":"product-type-simple"},"yoast_head":"<!-- This site is optimized with the Yoast SEO plugin v25.0 - https:\/\/yoast.com\/wordpress\/plugins\/seo\/ -->\n<title>Personaliziran topper iz pleksi stekla \u2013 za obhajilo, krst, birmo - LD studio<\/title>\n<meta name=\"description\" content=\"Personaliziran zlati topper iz pleksi stekla je popolna dekoracija za obhajilo, krst, birmo. Izdelan po meri z imenom po va\u0161i izbiri.\" \/>\n<meta name=\"robots\" content=\"index, follow, max-snippet:-1, max-image-preview:large, max-video-preview:-1\" \/>\n<link rel=\"canonical\" href=\"https:\/\/ldstudio.si\/index.php\/product\/personaliziran-topper-iz-pleksi-stekla\/\" \/>\n<meta property=\"og:locale\" content=\"sl_SI\" \/>\n<meta property=\"og:type\" content=\"article\" \/>\n<meta property=\"og:title\" content=\"Personaliziran topper iz pleksi stekla \u2013 za obhajilo, krst, birmo - LD studio\" \/>\n<meta property=\"og:description\" content=\"Personaliziran zlati topper iz pleksi stekla je popolna dekoracija za obhajilo, krst, birmo. Izdelan po meri z imenom po va\u0161i izbiri.\" \/>\n<meta property=\"og:url\" content=\"https:\/\/ldstudio.si\/index.php\/product\/personaliziran-topper-iz-pleksi-stekla\/\" \/>\n<meta property=\"og:site_name\" content=\"LD studio\" \/>\n<meta property=\"article:modified_time\" content=\"2026-04-03T10:29:49+00:00\" \/>\n<meta property=\"og:image\" content=\"https:\/\/ldstudio.si\/wp-content\/uploads\/2025\/07\/1775135834742.jpg\" \/>\n\t<meta property=\"og:image:width\" content=\"864\" \/>\n\t<meta property=\"og:image:height\" content=\"1136\" \/>\n\t<meta property=\"og:image:type\" content=\"image\/jpeg\" \/>\n<meta name=\"twitter:card\" content=\"summary_large_image\" \/>\n<meta name=\"twitter:label1\" content=\"Est. reading time\" \/>\n\t<meta name=\"twitter:data1\" content=\"1 minuta\" \/>\n<script type=\"application\/ld+json\" class=\"yoast-schema-graph\">{\"@context\":\"https:\/\/schema.org\",\"@graph\":[{\"@type\":\"WebPage\",\"@id\":\"https:\/\/ldstudio.si\/index.php\/product\/personaliziran-topper-iz-pleksi-stekla\/\",\"url\":\"https:\/\/ldstudio.si\/index.php\/product\/personaliziran-topper-iz-pleksi-stekla\/\",\"name\":\"Personaliziran topper iz pleksi stekla \u2013 za obhajilo, krst, birmo - LD studio\",\"isPartOf\":{\"@id\":\"https:\/\/ldstudio.si\/#website\"},\"primaryImageOfPage\":{\"@id\":\"https:\/\/ldstudio.si\/index.php\/product\/personaliziran-topper-iz-pleksi-stekla\/#primaryimage\"},\"image\":{\"@id\":\"https:\/\/ldstudio.si\/index.php\/product\/personaliziran-topper-iz-pleksi-stekla\/#primaryimage\"},\"thumbnailUrl\":\"https:\/\/ldstudio.si\/wp-content\/uploads\/2025\/07\/1775135834742.jpg\",\"datePublished\":\"2025-07-09T12:39:11+00:00\",\"dateModified\":\"2026-04-03T10:29:49+00:00\",\"description\":\"Personaliziran zlati topper iz pleksi stekla je popolna dekoracija za obhajilo, krst, birmo. Izdelan po meri z imenom po va\u0161i izbiri.\",\"breadcrumb\":{\"@id\":\"https:\/\/ldstudio.si\/index.php\/product\/personaliziran-topper-iz-pleksi-stekla\/#breadcrumb\"},\"inLanguage\":\"sl-SI\",\"potentialAction\":[{\"@type\":\"ReadAction\",\"target\":[\"https:\/\/ldstudio.si\/index.php\/product\/personaliziran-topper-iz-pleksi-stekla\/\"]}]},{\"@type\":\"ImageObject\",\"inLanguage\":\"sl-SI\",\"@id\":\"https:\/\/ldstudio.si\/index.php\/product\/personaliziran-topper-iz-pleksi-stekla\/#primaryimage\",\"url\":\"https:\/\/ldstudio.si\/wp-content\/uploads\/2025\/07\/1775135834742.jpg\",\"contentUrl\":\"https:\/\/ldstudio.si\/wp-content\/uploads\/2025\/07\/1775135834742.jpg\",\"width\":864,\"height\":1136,\"caption\":\"Personaliziran topper za svete zakramente \u2013 pleksi steklo v zlati barvi.\"},{\"@type\":\"BreadcrumbList\",\"@id\":\"https:\/\/ldstudio.si\/index.php\/product\/personaliziran-topper-iz-pleksi-stekla\/#breadcrumb\",\"itemListElement\":[{\"@type\":\"ListItem\",\"position\":1,\"name\":\"Home\",\"item\":\"https:\/\/ldstudio.si\/\"},{\"@type\":\"ListItem\",\"position\":2,\"name\":\"Trgovina\",\"item\":\"https:\/\/ldstudio.si\/index.php\/trgovina\/\"},{\"@type\":\"ListItem\",\"position\":3,\"name\":\"Personaliziran topper iz pleksi stekla \u2013 za obhajilo, krst, birmo\"}]},{\"@type\":\"WebSite\",\"@id\":\"https:\/\/ldstudio.si\/#website\",\"url\":\"https:\/\/ldstudio.si\/\",\"name\":\"LD studio\",\"description\":\"\",\"publisher\":{\"@id\":\"https:\/\/ldstudio.si\/#organization\"},\"potentialAction\":[{\"@type\":\"SearchAction\",\"target\":{\"@type\":\"EntryPoint\",\"urlTemplate\":\"https:\/\/ldstudio.si\/?s={search_term_string}\"},\"query-input\":{\"@type\":\"PropertyValueSpecification\",\"valueRequired\":true,\"valueName\":\"search_term_string\"}}],\"inLanguage\":\"sl-SI\"},{\"@type\":\"Organization\",\"@id\":\"https:\/\/ldstudio.si\/#organization\",\"name\":\"LD studio\",\"url\":\"https:\/\/ldstudio.si\/\",\"logo\":{\"@type\":\"ImageObject\",\"inLanguage\":\"sl-SI\",\"@id\":\"https:\/\/ldstudio.si\/#\/schema\/logo\/image\/\",\"url\":\"https:\/\/ldstudio.si\/wp-content\/uploads\/2024\/11\/Artboard-1@2x.png\",\"contentUrl\":\"https:\/\/ldstudio.si\/wp-content\/uploads\/2024\/11\/Artboard-1@2x.png\",\"width\":543,\"height\":602,\"caption\":\"LD studio\"},\"image\":{\"@id\":\"https:\/\/ldstudio.si\/#\/schema\/logo\/image\/\"}}]}<\/script>\n<!-- \/ Yoast SEO plugin. -->","yoast_head_json":{"title":"Personaliziran topper iz pleksi stekla \u2013 za obhajilo, krst, birmo - LD studio","description":"Personaliziran zlati topper iz pleksi stekla je popolna dekoracija za obhajilo, krst, birmo. Izdelan po meri z imenom po va\u0161i izbiri.","robots":{"index":"index","follow":"follow","max-snippet":"max-snippet:-1","max-image-preview":"max-image-preview:large","max-video-preview":"max-video-preview:-1"},"canonical":"https:\/\/ldstudio.si\/index.php\/product\/personaliziran-topper-iz-pleksi-stekla\/","og_locale":"sl_SI","og_type":"article","og_title":"Personaliziran topper iz pleksi stekla \u2013 za obhajilo, krst, birmo - LD studio","og_description":"Personaliziran zlati topper iz pleksi stekla je popolna dekoracija za obhajilo, krst, birmo. Izdelan po meri z imenom po va\u0161i izbiri.","og_url":"https:\/\/ldstudio.si\/index.php\/product\/personaliziran-topper-iz-pleksi-stekla\/","og_site_name":"LD studio","article_modified_time":"2026-04-03T10:29:49+00:00","og_image":[{"width":864,"height":1136,"url":"https:\/\/ldstudio.si\/wp-content\/uploads\/2025\/07\/1775135834742.jpg","type":"image\/jpeg"}],"twitter_card":"summary_large_image","twitter_misc":{"Est. reading time":"1 minuta"},"schema":{"@context":"https:\/\/schema.org","@graph":[{"@type":"WebPage","@id":"https:\/\/ldstudio.si\/index.php\/product\/personaliziran-topper-iz-pleksi-stekla\/","url":"https:\/\/ldstudio.si\/index.php\/product\/personaliziran-topper-iz-pleksi-stekla\/","name":"Personaliziran topper iz pleksi stekla \u2013 za obhajilo, krst, birmo - LD studio","isPartOf":{"@id":"https:\/\/ldstudio.si\/#website"},"primaryImageOfPage":{"@id":"https:\/\/ldstudio.si\/index.php\/product\/personaliziran-topper-iz-pleksi-stekla\/#primaryimage"},"image":{"@id":"https:\/\/ldstudio.si\/index.php\/product\/personaliziran-topper-iz-pleksi-stekla\/#primaryimage"},"thumbnailUrl":"https:\/\/ldstudio.si\/wp-content\/uploads\/2025\/07\/1775135834742.jpg","datePublished":"2025-07-09T12:39:11+00:00","dateModified":"2026-04-03T10:29:49+00:00","description":"Personaliziran zlati topper iz pleksi stekla je popolna dekoracija za obhajilo, krst, birmo. Izdelan po meri z imenom po va\u0161i izbiri.","breadcrumb":{"@id":"https:\/\/ldstudio.si\/index.php\/product\/personaliziran-topper-iz-pleksi-stekla\/#breadcrumb"},"inLanguage":"sl-SI","potentialAction":[{"@type":"ReadAction","target":["https:\/\/ldstudio.si\/index.php\/product\/personaliziran-topper-iz-pleksi-stekla\/"]}]},{"@type":"ImageObject","inLanguage":"sl-SI","@id":"https:\/\/ldstudio.si\/index.php\/product\/personaliziran-topper-iz-pleksi-stekla\/#primaryimage","url":"https:\/\/ldstudio.si\/wp-content\/uploads\/2025\/07\/1775135834742.jpg","contentUrl":"https:\/\/ldstudio.si\/wp-content\/uploads\/2025\/07\/1775135834742.jpg","width":864,"height":1136,"caption":"Personaliziran topper za svete zakramente \u2013 pleksi steklo v zlati barvi."},{"@type":"BreadcrumbList","@id":"https:\/\/ldstudio.si\/index.php\/product\/personaliziran-topper-iz-pleksi-stekla\/#breadcrumb","itemListElement":[{"@type":"ListItem","position":1,"name":"Home","item":"https:\/\/ldstudio.si\/"},{"@type":"ListItem","position":2,"name":"Trgovina","item":"https:\/\/ldstudio.si\/index.php\/trgovina\/"},{"@type":"ListItem","position":3,"name":"Personaliziran topper iz pleksi stekla \u2013 za obhajilo, krst, birmo"}]},{"@type":"WebSite","@id":"https:\/\/ldstudio.si\/#website","url":"https:\/\/ldstudio.si\/","name":"LD studio","description":"","publisher":{"@id":"https:\/\/ldstudio.si\/#organization"},"potentialAction":[{"@type":"SearchAction","target":{"@type":"EntryPoint","urlTemplate":"https:\/\/ldstudio.si\/?s={search_term_string}"},"query-input":{"@type":"PropertyValueSpecification","valueRequired":true,"valueName":"search_term_string"}}],"inLanguage":"sl-SI"},{"@type":"Organization","@id":"https:\/\/ldstudio.si\/#organization","name":"LD studio","url":"https:\/\/ldstudio.si\/","logo":{"@type":"ImageObject","inLanguage":"sl-SI","@id":"https:\/\/ldstudio.si\/#\/schema\/logo\/image\/","url":"https:\/\/ldstudio.si\/wp-content\/uploads\/2024\/11\/Artboard-1@2x.png","contentUrl":"https:\/\/ldstudio.si\/wp-content\/uploads\/2024\/11\/Artboard-1@2x.png","width":543,"height":602,"caption":"LD studio"},"image":{"@id":"https:\/\/ldstudio.si\/#\/schema\/logo\/image\/"}}]}},"wcpa_form_fields":{"wcpaData":{"product":{"product_price":11.9000000000000003552713678800500929355621337890625,"price_html":"<span class=\"woocommerce-Price-amount amount\"><bdi>11,90&nbsp;<span class=\"woocommerce-Price-currencySymbol\">&euro;<\/span><\/bdi><\/span>","original_product_price":11.9000000000000003552713678800500929355621337890625,"price_including_tax":11.9000000000000003552713678800500929355621337890625,"price_excluding_tax":11.9000000000000003552713678800500929355621337890625,"product_id":{"parent":2296,"variation":false},"is_variable":false,"stock_status":"instock","stock_quantity":null,"parent_sku":"","product_attributes":[],"custom_fields":[],"is_taxable":false,"product_name":"Personaliziran topper iz pleksi stekla \u2013 za obhajilo, krst, birmo","hasImage":false},"fields":{"sec_7674046330d6fa":{"extra":{"key":"sec_7674046330d6fa","section_id":"sec_7674046330d6fa","name":"Default","status":1,"toggle":true,"form_id":1520,"form_rules":{"exclude_from_discount":false,"fee_label":"Pristojbina","disp_hide_options_price":false,"disp_show_section_price":false,"disp_show_field_price":true,"layout_option":"standard","pric_use_as_fee":false,"process_fee_as":"woo_fee"},"layout_option":"standard"},"fields":[[{"active":true,"col":6,"relations":false,"cl_rule":"show","enableCl":false,"price":"","enablePrice":false,"className":"","type":"text","subtype":"text","required":true,"elementId":"text_2656953041","label":"IME","name":"text_2656953041","value":"","error":false,"gt_translate_keys":["label","value"],"price_dependency":false,"cl_dependency":false}],[{"active":true,"col":6,"relations":false,"cl_rule":"show","enableCl":false,"price":"","enablePrice":false,"className":"","type":"select","required":true,"elementId":"select_6571065744","label":"ZAKRAMENT","name":"select_6571065744","values":[{"label":"SVETI KRST","value":"SVETI KRST","selected":false,"tempId":"aco_141","gt_translate_keys":["label"]},{"label":"PRVO SVETO OBHAJILO","value":"PRVO SVETO OBHAJILO","selected":false,"tempId":"aco_142","gt_translate_keys":["label"]},{"label":"SVETA BIRMA","value":"SVETA BIRMA","selected":false,"tempId":"aco_143","gt_translate_keys":["label"]}],"error":false,"gt_translate_keys":["label"],"price_dependency":false,"cl_dependency":false,"value":""}]]}},"config":{"price_override":"","enable_recaptcha":false,"bind_quantity":false,"quantity_bind_formula":false,"disp_summ_show_option_price":true,"disp_summ_show_product_price":true,"disp_summ_show_total_price":true,"disp_summ_show_fee":false,"disp_summ_show_discount":false,"summary_title":"","options_total_label":"Cena mo\u017enosti","total_label":"Skupaj","options_product_label":"Cena izdelka","fee_label":"Pristojbina","discount_label":"Popust","has_price":true,"has_quantity_formula":false},"mc_unit":1,"tax_rate":1,"tax_rate_real":1,"discount":{"percentage":0,"fixed":0},"design":{"conf":{"LabelPosition":"above","DescPosition":"above","UploadField":"custom_1","QuantityFieldStyle":"default"},"css":{"LeftLabelWidth":"120px"}},"formulas":[],"clones":false,"cartKey":false}},"_links":{"self":[{"href":"https:\/\/ldstudio.si\/index.php\/wp-json\/wp\/v2\/product\/2296","targetHints":{"allow":["GET"]}}],"collection":[{"href":"https:\/\/ldstudio.si\/index.php\/wp-json\/wp\/v2\/product"}],"about":[{"href":"https:\/\/ldstudio.si\/index.php\/wp-json\/wp\/v2\/types\/product"}],"replies":[{"embeddable":true,"href":"https:\/\/ldstudio.si\/index.php\/wp-json\/wp\/v2\/comments?post=2296"}],"wp:featuredmedia":[{"embeddable":true,"href":"https:\/\/ldstudio.si\/index.php\/wp-json\/wp\/v2\/media\/2805"}],"wp:attachment":[{"href":"https:\/\/ldstudio.si\/index.php\/wp-json\/wp\/v2\/media?parent=2296"}],"wp:term":[{"taxonomy":"product_brand","embeddable":true,"href":"https:\/\/ldstudio.si\/index.php\/wp-json\/wp\/v2\/product_brand?post=2296"},{"taxonomy":"product_cat","embeddable":true,"href":"https:\/\/ldstudio.si\/index.php\/wp-json\/wp\/v2\/product_cat?post=2296"},{"taxonomy":"product_tag","embeddable":true,"href":"https:\/\/ldstudio.si\/index.php\/wp-json\/wp\/v2\/product_tag?post=2296"}],"curies":[{"name":"wp","href":"https:\/\/api.w.org\/{rel}","templated":true}]}}