{"id":2170,"date":"2025-05-12T06:58:30","date_gmt":"2025-05-12T06:58:30","guid":{"rendered":"https:\/\/ldstudio.si\/?post_type=product&#038;p=2170"},"modified":"2025-05-16T07:58:18","modified_gmt":"2025-05-16T07:58:18","slug":"oznanitvene-tablice-za-dojencka-milestone-pleksi","status":"publish","type":"product","link":"https:\/\/ldstudio.si\/index.php\/product\/oznanitvene-tablice-za-dojencka-milestone-pleksi\/","title":{"rendered":"Oznanitvene tablice za dojen\u010dka \u2013 milestone (pleksi)"},"content":{"rendered":"<p class=\"\" data-start=\"456\" data-end=\"704\">Ujemite najlep\u0161e trenutke rasti va\u0161ega mal\u010dka z elegantnimi milestone karticami iz pleksi stekla. Vsaka tablica ozna\u010duje en mesec starosti (1 mesec do 11 mesecev) ter posebno tablico \u201c1 leto\u201d za prvo rojstnodnevno obletnico \u2013 in je oblikovana s sodobnim naravnim motivom ter napisom v sloven\u0161\u010dini.<\/p>\n<p class=\"\" data-start=\"706\" data-end=\"944\">Kartice so trajne in odli\u010dne za fotografiranje \u2013 brez skrbi, da bi se po\u0161kodovale ali zgubile obliko kot klasi\u010dne kartice iz papirja. Idealno darilo za novope\u010dene star\u0161e, baby shower ali kot dodatek personalizirani otro\u0161ki \u0161katli.<\/p>\n<p data-start=\"706\" data-end=\"944\"><u>Lastnosti:<\/u><br \/>\nMaterial: pleksi steklo<br \/>\nBarva: UV tisk, akrilna barva (ozadje)<br \/>\nVelikost: 8,5 x 13 cm<\/p>\n","protected":false},"excerpt":{"rendered":"<p>Ujemite najlep\u0161e trenutke rasti va\u0161ega mal\u010dka z elegantnimi milestone karticami iz pleksi stekla. Vsaka tablica ozna\u010duje en mesec starosti (1 mesec do 11 mesecev) ter posebno tablico \u201c1 leto\u201d za prvo rojstnodnevno obletnico \u2013 in je oblikovana s sodobnim naravnim motivom ter napisom v sloven\u0161\u010dini. Kartice so trajne in odli\u010dne za fotografiranje \u2013 brez skrbi, [&hellip;]<\/p>\n","protected":false},"featured_media":2152,"comment_status":"open","ping_status":"closed","template":"","meta":[],"product_brand":[],"product_cat":[54,58],"product_tag":[],"class_list":{"0":"post-2170","1":"product","2":"type-product","3":"status-publish","4":"has-post-thumbnail","6":"product_cat-otroski-koticek","7":"product_cat-oznanitvene-tablice","9":"first","10":"instock","11":"shipping-taxable","12":"purchasable","13":"product-type-variable"},"yoast_head":"<!-- This site is optimized with the Yoast SEO plugin v25.0 - https:\/\/yoast.com\/wordpress\/plugins\/seo\/ -->\n<title>Oznanitvene tablice za dojen\u010dka \u2013 milestone (pleksi) - LD studio<\/title>\n<meta name=\"description\" content=\"Eleganten komplet pleksi milestone kartic za dojen\u010dke, ki zajema 12 mesecev rasti. Idealno za darilo, fotografije in spomine. Izdelano v Sloveniji.\" \/>\n<meta name=\"robots\" content=\"index, follow, max-snippet:-1, max-image-preview:large, max-video-preview:-1\" \/>\n<link rel=\"canonical\" href=\"https:\/\/ldstudio.si\/index.php\/product\/oznanitvene-tablice-za-dojencka-milestone-pleksi\/\" \/>\n<meta property=\"og:locale\" content=\"sl_SI\" \/>\n<meta property=\"og:type\" content=\"article\" \/>\n<meta property=\"og:title\" content=\"Oznanitvene tablice za dojen\u010dka \u2013 milestone (pleksi) - LD studio\" \/>\n<meta property=\"og:description\" content=\"Eleganten komplet pleksi milestone kartic za dojen\u010dke, ki zajema 12 mesecev rasti. Idealno za darilo, fotografije in spomine. Izdelano v Sloveniji.\" \/>\n<meta property=\"og:url\" content=\"https:\/\/ldstudio.si\/index.php\/product\/oznanitvene-tablice-za-dojencka-milestone-pleksi\/\" \/>\n<meta property=\"og:site_name\" content=\"LD studio\" \/>\n<meta property=\"article:modified_time\" content=\"2025-05-16T07:58:18+00:00\" \/>\n<meta property=\"og:image\" content=\"https:\/\/ldstudio.si\/wp-content\/uploads\/2025\/05\/20250508_175025.jpg\" \/>\n\t<meta property=\"og:image:width\" content=\"1440\" \/>\n\t<meta property=\"og:image:height\" content=\"1920\" \/>\n\t<meta property=\"og:image:type\" content=\"image\/jpeg\" \/>\n<meta name=\"twitter:card\" content=\"summary_large_image\" \/>\n<meta name=\"twitter:label1\" content=\"Est. reading time\" \/>\n\t<meta name=\"twitter:data1\" content=\"1 minuta\" \/>\n<script type=\"application\/ld+json\" class=\"yoast-schema-graph\">{\"@context\":\"https:\/\/schema.org\",\"@graph\":[{\"@type\":\"WebPage\",\"@id\":\"https:\/\/ldstudio.si\/index.php\/product\/oznanitvene-tablice-za-dojencka-milestone-pleksi\/\",\"url\":\"https:\/\/ldstudio.si\/index.php\/product\/oznanitvene-tablice-za-dojencka-milestone-pleksi\/\",\"name\":\"Oznanitvene tablice za dojen\u010dka \u2013 milestone (pleksi) - LD studio\",\"isPartOf\":{\"@id\":\"https:\/\/ldstudio.si\/#website\"},\"primaryImageOfPage\":{\"@id\":\"https:\/\/ldstudio.si\/index.php\/product\/oznanitvene-tablice-za-dojencka-milestone-pleksi\/#primaryimage\"},\"image\":{\"@id\":\"https:\/\/ldstudio.si\/index.php\/product\/oznanitvene-tablice-za-dojencka-milestone-pleksi\/#primaryimage\"},\"thumbnailUrl\":\"https:\/\/ldstudio.si\/wp-content\/uploads\/2025\/05\/20250508_175025.jpg\",\"datePublished\":\"2025-05-12T06:58:30+00:00\",\"dateModified\":\"2025-05-16T07:58:18+00:00\",\"description\":\"Eleganten komplet pleksi milestone kartic za dojen\u010dke, ki zajema 12 mesecev rasti. Idealno za darilo, fotografije in spomine. Izdelano v Sloveniji.\",\"breadcrumb\":{\"@id\":\"https:\/\/ldstudio.si\/index.php\/product\/oznanitvene-tablice-za-dojencka-milestone-pleksi\/#breadcrumb\"},\"inLanguage\":\"sl-SI\",\"potentialAction\":[{\"@type\":\"ReadAction\",\"target\":[\"https:\/\/ldstudio.si\/index.php\/product\/oznanitvene-tablice-za-dojencka-milestone-pleksi\/\"]}]},{\"@type\":\"ImageObject\",\"inLanguage\":\"sl-SI\",\"@id\":\"https:\/\/ldstudio.si\/index.php\/product\/oznanitvene-tablice-za-dojencka-milestone-pleksi\/#primaryimage\",\"url\":\"https:\/\/ldstudio.si\/wp-content\/uploads\/2025\/05\/20250508_175025.jpg\",\"contentUrl\":\"https:\/\/ldstudio.si\/wp-content\/uploads\/2025\/05\/20250508_175025.jpg\",\"width\":1440,\"height\":1920,\"caption\":\"Milestone kartice iz pleksi stekla z mese\u010dnim ozna\u010devanjem za prve mesece \u017eivljenja.\"},{\"@type\":\"BreadcrumbList\",\"@id\":\"https:\/\/ldstudio.si\/index.php\/product\/oznanitvene-tablice-za-dojencka-milestone-pleksi\/#breadcrumb\",\"itemListElement\":[{\"@type\":\"ListItem\",\"position\":1,\"name\":\"Home\",\"item\":\"https:\/\/ldstudio.si\/\"},{\"@type\":\"ListItem\",\"position\":2,\"name\":\"Trgovina\",\"item\":\"https:\/\/ldstudio.si\/index.php\/trgovina\/\"},{\"@type\":\"ListItem\",\"position\":3,\"name\":\"Oznanitvene tablice za dojen\u010dka \u2013 milestone (pleksi)\"}]},{\"@type\":\"WebSite\",\"@id\":\"https:\/\/ldstudio.si\/#website\",\"url\":\"https:\/\/ldstudio.si\/\",\"name\":\"LD studio\",\"description\":\"\",\"publisher\":{\"@id\":\"https:\/\/ldstudio.si\/#organization\"},\"potentialAction\":[{\"@type\":\"SearchAction\",\"target\":{\"@type\":\"EntryPoint\",\"urlTemplate\":\"https:\/\/ldstudio.si\/?s={search_term_string}\"},\"query-input\":{\"@type\":\"PropertyValueSpecification\",\"valueRequired\":true,\"valueName\":\"search_term_string\"}}],\"inLanguage\":\"sl-SI\"},{\"@type\":\"Organization\",\"@id\":\"https:\/\/ldstudio.si\/#organization\",\"name\":\"LD studio\",\"url\":\"https:\/\/ldstudio.si\/\",\"logo\":{\"@type\":\"ImageObject\",\"inLanguage\":\"sl-SI\",\"@id\":\"https:\/\/ldstudio.si\/#\/schema\/logo\/image\/\",\"url\":\"https:\/\/ldstudio.si\/wp-content\/uploads\/2024\/11\/Artboard-1@2x.png\",\"contentUrl\":\"https:\/\/ldstudio.si\/wp-content\/uploads\/2024\/11\/Artboard-1@2x.png\",\"width\":543,\"height\":602,\"caption\":\"LD studio\"},\"image\":{\"@id\":\"https:\/\/ldstudio.si\/#\/schema\/logo\/image\/\"}}]}<\/script>\n<!-- \/ Yoast SEO plugin. -->","yoast_head_json":{"title":"Oznanitvene tablice za dojen\u010dka \u2013 milestone (pleksi) - LD studio","description":"Eleganten komplet pleksi milestone kartic za dojen\u010dke, ki zajema 12 mesecev rasti. Idealno za darilo, fotografije in spomine. Izdelano v Sloveniji.","robots":{"index":"index","follow":"follow","max-snippet":"max-snippet:-1","max-image-preview":"max-image-preview:large","max-video-preview":"max-video-preview:-1"},"canonical":"https:\/\/ldstudio.si\/index.php\/product\/oznanitvene-tablice-za-dojencka-milestone-pleksi\/","og_locale":"sl_SI","og_type":"article","og_title":"Oznanitvene tablice za dojen\u010dka \u2013 milestone (pleksi) - LD studio","og_description":"Eleganten komplet pleksi milestone kartic za dojen\u010dke, ki zajema 12 mesecev rasti. Idealno za darilo, fotografije in spomine. Izdelano v Sloveniji.","og_url":"https:\/\/ldstudio.si\/index.php\/product\/oznanitvene-tablice-za-dojencka-milestone-pleksi\/","og_site_name":"LD studio","article_modified_time":"2025-05-16T07:58:18+00:00","og_image":[{"width":1440,"height":1920,"url":"https:\/\/ldstudio.si\/wp-content\/uploads\/2025\/05\/20250508_175025.jpg","type":"image\/jpeg"}],"twitter_card":"summary_large_image","twitter_misc":{"Est. reading time":"1 minuta"},"schema":{"@context":"https:\/\/schema.org","@graph":[{"@type":"WebPage","@id":"https:\/\/ldstudio.si\/index.php\/product\/oznanitvene-tablice-za-dojencka-milestone-pleksi\/","url":"https:\/\/ldstudio.si\/index.php\/product\/oznanitvene-tablice-za-dojencka-milestone-pleksi\/","name":"Oznanitvene tablice za dojen\u010dka \u2013 milestone (pleksi) - LD studio","isPartOf":{"@id":"https:\/\/ldstudio.si\/#website"},"primaryImageOfPage":{"@id":"https:\/\/ldstudio.si\/index.php\/product\/oznanitvene-tablice-za-dojencka-milestone-pleksi\/#primaryimage"},"image":{"@id":"https:\/\/ldstudio.si\/index.php\/product\/oznanitvene-tablice-za-dojencka-milestone-pleksi\/#primaryimage"},"thumbnailUrl":"https:\/\/ldstudio.si\/wp-content\/uploads\/2025\/05\/20250508_175025.jpg","datePublished":"2025-05-12T06:58:30+00:00","dateModified":"2025-05-16T07:58:18+00:00","description":"Eleganten komplet pleksi milestone kartic za dojen\u010dke, ki zajema 12 mesecev rasti. Idealno za darilo, fotografije in spomine. Izdelano v Sloveniji.","breadcrumb":{"@id":"https:\/\/ldstudio.si\/index.php\/product\/oznanitvene-tablice-za-dojencka-milestone-pleksi\/#breadcrumb"},"inLanguage":"sl-SI","potentialAction":[{"@type":"ReadAction","target":["https:\/\/ldstudio.si\/index.php\/product\/oznanitvene-tablice-za-dojencka-milestone-pleksi\/"]}]},{"@type":"ImageObject","inLanguage":"sl-SI","@id":"https:\/\/ldstudio.si\/index.php\/product\/oznanitvene-tablice-za-dojencka-milestone-pleksi\/#primaryimage","url":"https:\/\/ldstudio.si\/wp-content\/uploads\/2025\/05\/20250508_175025.jpg","contentUrl":"https:\/\/ldstudio.si\/wp-content\/uploads\/2025\/05\/20250508_175025.jpg","width":1440,"height":1920,"caption":"Milestone kartice iz pleksi stekla z mese\u010dnim ozna\u010devanjem za prve mesece \u017eivljenja."},{"@type":"BreadcrumbList","@id":"https:\/\/ldstudio.si\/index.php\/product\/oznanitvene-tablice-za-dojencka-milestone-pleksi\/#breadcrumb","itemListElement":[{"@type":"ListItem","position":1,"name":"Home","item":"https:\/\/ldstudio.si\/"},{"@type":"ListItem","position":2,"name":"Trgovina","item":"https:\/\/ldstudio.si\/index.php\/trgovina\/"},{"@type":"ListItem","position":3,"name":"Oznanitvene tablice za dojen\u010dka \u2013 milestone (pleksi)"}]},{"@type":"WebSite","@id":"https:\/\/ldstudio.si\/#website","url":"https:\/\/ldstudio.si\/","name":"LD studio","description":"","publisher":{"@id":"https:\/\/ldstudio.si\/#organization"},"potentialAction":[{"@type":"SearchAction","target":{"@type":"EntryPoint","urlTemplate":"https:\/\/ldstudio.si\/?s={search_term_string}"},"query-input":{"@type":"PropertyValueSpecification","valueRequired":true,"valueName":"search_term_string"}}],"inLanguage":"sl-SI"},{"@type":"Organization","@id":"https:\/\/ldstudio.si\/#organization","name":"LD studio","url":"https:\/\/ldstudio.si\/","logo":{"@type":"ImageObject","inLanguage":"sl-SI","@id":"https:\/\/ldstudio.si\/#\/schema\/logo\/image\/","url":"https:\/\/ldstudio.si\/wp-content\/uploads\/2024\/11\/Artboard-1@2x.png","contentUrl":"https:\/\/ldstudio.si\/wp-content\/uploads\/2024\/11\/Artboard-1@2x.png","width":543,"height":602,"caption":"LD studio"},"image":{"@id":"https:\/\/ldstudio.si\/#\/schema\/logo\/image\/"}}]}},"wcpa_form_fields":null,"_links":{"self":[{"href":"https:\/\/ldstudio.si\/index.php\/wp-json\/wp\/v2\/product\/2170","targetHints":{"allow":["GET"]}}],"collection":[{"href":"https:\/\/ldstudio.si\/index.php\/wp-json\/wp\/v2\/product"}],"about":[{"href":"https:\/\/ldstudio.si\/index.php\/wp-json\/wp\/v2\/types\/product"}],"replies":[{"embeddable":true,"href":"https:\/\/ldstudio.si\/index.php\/wp-json\/wp\/v2\/comments?post=2170"}],"wp:featuredmedia":[{"embeddable":true,"href":"https:\/\/ldstudio.si\/index.php\/wp-json\/wp\/v2\/media\/2152"}],"wp:attachment":[{"href":"https:\/\/ldstudio.si\/index.php\/wp-json\/wp\/v2\/media?parent=2170"}],"wp:term":[{"taxonomy":"product_brand","embeddable":true,"href":"https:\/\/ldstudio.si\/index.php\/wp-json\/wp\/v2\/product_brand?post=2170"},{"taxonomy":"product_cat","embeddable":true,"href":"https:\/\/ldstudio.si\/index.php\/wp-json\/wp\/v2\/product_cat?post=2170"},{"taxonomy":"product_tag","embeddable":true,"href":"https:\/\/ldstudio.si\/index.php\/wp-json\/wp\/v2\/product_tag?post=2170"}],"curies":[{"name":"wp","href":"https:\/\/api.w.org\/{rel}","templated":true}]}}