{"id":1829,"date":"2025-01-18T16:13:49","date_gmt":"2025-01-18T16:13:49","guid":{"rendered":"https:\/\/ldstudio.si\/?post_type=product&#038;p=1829"},"modified":"2026-03-19T08:17:46","modified_gmt":"2026-03-19T08:17:46","slug":"fotografska-zgodba-ljubezni","status":"publish","type":"product","link":"https:\/\/ldstudio.si\/index.php\/product\/fotografska-zgodba-ljubezni\/","title":{"rendered":"Fotografska zgodba ljubezni"},"content":{"rendered":"<p>Ujemite svoje najlep\u0161e trenutke v edinstvenem dekorju, ki zdru\u017euje fotografije in osebno noto. Okvir velikosti 18&#215;24 cm vklju\u010duje eno ve\u010djo fotografijo za ozadje in tri manj\u0161e fotografije v obliki filmskega traku. Dodajte svoje besedilo po meri in ustvarite \u010dudovit spomin za posebne prilo\u017enosti. Izbirate lahko med elegantnim lesenim podstavkom ali okvirjem, ki bo \u0161e dodatno poudaril va\u0161o zgodbo.<\/p>\n<p>*Lesen podstavek ali okvir (bele ali \u010drne barve) &#8211; je vklju\u010den v ceno.<\/p>\n<p><u>Lastnosti:<\/u><br \/>\nMaterial: pleksi steklo, les (podstavek) ali MDF (okvir)<br \/>\nVelikost: 18 x 24 cm<\/p>\n<p><strong>Kakovost tiska je odvisna od kakovosti va\u0161e slike!<\/strong><br \/>\nZa najbolj\u0161i rezultat priporo\u010damo, da nalo\u017eite slike visoke lo\u010dljivosti in dobre kakovosti. Slike z nizko lo\u010dljivostjo ali slab\u0161o ostrino lahko vplivajo na kon\u010dni izgled izdelka.<\/p>\n","protected":false},"excerpt":{"rendered":"<p>Ujemite svoje najlep\u0161e trenutke v edinstvenem dekorju, ki zdru\u017euje fotografije in osebno noto. Okvir velikosti 18&#215;24 cm vklju\u010duje eno ve\u010djo fotografijo za ozadje in tri manj\u0161e fotografije v obliki filmskega traku. Dodajte svoje besedilo po meri in ustvarite \u010dudovit spomin za posebne prilo\u017enosti. Izbirate lahko med elegantnim lesenim podstavkom ali okvirjem, ki bo \u0161e dodatno [&hellip;]<\/p>\n","protected":false},"featured_media":1813,"comment_status":"open","ping_status":"closed","template":"","meta":[],"product_brand":[],"product_cat":[77,52],"product_tag":[],"class_list":{"0":"post-1829","1":"product","2":"type-product","3":"status-publish","4":"has-post-thumbnail","6":"product_cat-darila-zanjo-in-zanj","7":"product_cat-materinski-dan-zena-valentinovo","8":"wcpa_has_options","10":"first","11":"instock","12":"shipping-taxable","13":"purchasable","14":"product-type-variable"},"yoast_head":"<!-- This site is optimized with the Yoast SEO plugin v25.0 - https:\/\/yoast.com\/wordpress\/plugins\/seo\/ -->\n<title>Fotografska zgodba ljubezni - LD studio<\/title>\n<meta name=\"description\" content=\"Ujemite \u010darobne trenutke s personaliziranim dekorjem &quot;Fotografska zgodba ljubezni&quot;. Z mo\u017enostjo lesenega podstavka ali okvirja. Idealno za darilo.\" \/>\n<meta name=\"robots\" content=\"index, follow, max-snippet:-1, max-image-preview:large, max-video-preview:-1\" \/>\n<link rel=\"canonical\" href=\"https:\/\/ldstudio.si\/index.php\/product\/fotografska-zgodba-ljubezni\/\" \/>\n<meta property=\"og:locale\" content=\"sl_SI\" \/>\n<meta property=\"og:type\" content=\"article\" \/>\n<meta property=\"og:title\" content=\"Fotografska zgodba ljubezni - LD studio\" \/>\n<meta property=\"og:description\" content=\"Ujemite \u010darobne trenutke s personaliziranim dekorjem &quot;Fotografska zgodba ljubezni&quot;. Z mo\u017enostjo lesenega podstavka ali okvirja. Idealno za darilo.\" \/>\n<meta property=\"og:url\" content=\"https:\/\/ldstudio.si\/index.php\/product\/fotografska-zgodba-ljubezni\/\" \/>\n<meta property=\"og:site_name\" content=\"LD studio\" \/>\n<meta property=\"article:modified_time\" content=\"2026-03-19T08:17:46+00:00\" \/>\n<meta property=\"og:image\" content=\"https:\/\/ldstudio.si\/wp-content\/uploads\/2025\/01\/20250117_170126.jpg\" \/>\n\t<meta property=\"og:image:width\" content=\"1440\" \/>\n\t<meta property=\"og:image:height\" content=\"1920\" \/>\n\t<meta property=\"og:image:type\" content=\"image\/jpeg\" \/>\n<meta name=\"twitter:card\" content=\"summary_large_image\" \/>\n<meta name=\"twitter:label1\" content=\"Est. reading time\" \/>\n\t<meta name=\"twitter:data1\" content=\"1 minuta\" \/>\n<script type=\"application\/ld+json\" class=\"yoast-schema-graph\">{\"@context\":\"https:\/\/schema.org\",\"@graph\":[{\"@type\":\"WebPage\",\"@id\":\"https:\/\/ldstudio.si\/index.php\/product\/fotografska-zgodba-ljubezni\/\",\"url\":\"https:\/\/ldstudio.si\/index.php\/product\/fotografska-zgodba-ljubezni\/\",\"name\":\"Fotografska zgodba ljubezni - LD studio\",\"isPartOf\":{\"@id\":\"https:\/\/ldstudio.si\/#website\"},\"primaryImageOfPage\":{\"@id\":\"https:\/\/ldstudio.si\/index.php\/product\/fotografska-zgodba-ljubezni\/#primaryimage\"},\"image\":{\"@id\":\"https:\/\/ldstudio.si\/index.php\/product\/fotografska-zgodba-ljubezni\/#primaryimage\"},\"thumbnailUrl\":\"https:\/\/ldstudio.si\/wp-content\/uploads\/2025\/01\/20250117_170126.jpg\",\"datePublished\":\"2025-01-18T16:13:49+00:00\",\"dateModified\":\"2026-03-19T08:17:46+00:00\",\"description\":\"Ujemite \u010darobne trenutke s personaliziranim dekorjem \\\"Fotografska zgodba ljubezni\\\". Z mo\u017enostjo lesenega podstavka ali okvirja. Idealno za darilo.\",\"breadcrumb\":{\"@id\":\"https:\/\/ldstudio.si\/index.php\/product\/fotografska-zgodba-ljubezni\/#breadcrumb\"},\"inLanguage\":\"sl-SI\",\"potentialAction\":[{\"@type\":\"ReadAction\",\"target\":[\"https:\/\/ldstudio.si\/index.php\/product\/fotografska-zgodba-ljubezni\/\"]}]},{\"@type\":\"ImageObject\",\"inLanguage\":\"sl-SI\",\"@id\":\"https:\/\/ldstudio.si\/index.php\/product\/fotografska-zgodba-ljubezni\/#primaryimage\",\"url\":\"https:\/\/ldstudio.si\/wp-content\/uploads\/2025\/01\/20250117_170126.jpg\",\"contentUrl\":\"https:\/\/ldstudio.si\/wp-content\/uploads\/2025\/01\/20250117_170126.jpg\",\"width\":1440,\"height\":1920,\"caption\":\"Personaliziran okvir z unikatnimi spomini\"},{\"@type\":\"BreadcrumbList\",\"@id\":\"https:\/\/ldstudio.si\/index.php\/product\/fotografska-zgodba-ljubezni\/#breadcrumb\",\"itemListElement\":[{\"@type\":\"ListItem\",\"position\":1,\"name\":\"Home\",\"item\":\"https:\/\/ldstudio.si\/\"},{\"@type\":\"ListItem\",\"position\":2,\"name\":\"Trgovina\",\"item\":\"https:\/\/ldstudio.si\/index.php\/trgovina\/\"},{\"@type\":\"ListItem\",\"position\":3,\"name\":\"Fotografska zgodba ljubezni\"}]},{\"@type\":\"WebSite\",\"@id\":\"https:\/\/ldstudio.si\/#website\",\"url\":\"https:\/\/ldstudio.si\/\",\"name\":\"LD studio\",\"description\":\"\",\"publisher\":{\"@id\":\"https:\/\/ldstudio.si\/#organization\"},\"potentialAction\":[{\"@type\":\"SearchAction\",\"target\":{\"@type\":\"EntryPoint\",\"urlTemplate\":\"https:\/\/ldstudio.si\/?s={search_term_string}\"},\"query-input\":{\"@type\":\"PropertyValueSpecification\",\"valueRequired\":true,\"valueName\":\"search_term_string\"}}],\"inLanguage\":\"sl-SI\"},{\"@type\":\"Organization\",\"@id\":\"https:\/\/ldstudio.si\/#organization\",\"name\":\"LD studio\",\"url\":\"https:\/\/ldstudio.si\/\",\"logo\":{\"@type\":\"ImageObject\",\"inLanguage\":\"sl-SI\",\"@id\":\"https:\/\/ldstudio.si\/#\/schema\/logo\/image\/\",\"url\":\"https:\/\/ldstudio.si\/wp-content\/uploads\/2024\/11\/Artboard-1@2x.png\",\"contentUrl\":\"https:\/\/ldstudio.si\/wp-content\/uploads\/2024\/11\/Artboard-1@2x.png\",\"width\":543,\"height\":602,\"caption\":\"LD studio\"},\"image\":{\"@id\":\"https:\/\/ldstudio.si\/#\/schema\/logo\/image\/\"}}]}<\/script>\n<!-- \/ Yoast SEO plugin. -->","yoast_head_json":{"title":"Fotografska zgodba ljubezni - LD studio","description":"Ujemite \u010darobne trenutke s personaliziranim dekorjem \"Fotografska zgodba ljubezni\". Z mo\u017enostjo lesenega podstavka ali okvirja. Idealno za darilo.","robots":{"index":"index","follow":"follow","max-snippet":"max-snippet:-1","max-image-preview":"max-image-preview:large","max-video-preview":"max-video-preview:-1"},"canonical":"https:\/\/ldstudio.si\/index.php\/product\/fotografska-zgodba-ljubezni\/","og_locale":"sl_SI","og_type":"article","og_title":"Fotografska zgodba ljubezni - LD studio","og_description":"Ujemite \u010darobne trenutke s personaliziranim dekorjem \"Fotografska zgodba ljubezni\". Z mo\u017enostjo lesenega podstavka ali okvirja. Idealno za darilo.","og_url":"https:\/\/ldstudio.si\/index.php\/product\/fotografska-zgodba-ljubezni\/","og_site_name":"LD studio","article_modified_time":"2026-03-19T08:17:46+00:00","og_image":[{"width":1440,"height":1920,"url":"https:\/\/ldstudio.si\/wp-content\/uploads\/2025\/01\/20250117_170126.jpg","type":"image\/jpeg"}],"twitter_card":"summary_large_image","twitter_misc":{"Est. reading time":"1 minuta"},"schema":{"@context":"https:\/\/schema.org","@graph":[{"@type":"WebPage","@id":"https:\/\/ldstudio.si\/index.php\/product\/fotografska-zgodba-ljubezni\/","url":"https:\/\/ldstudio.si\/index.php\/product\/fotografska-zgodba-ljubezni\/","name":"Fotografska zgodba ljubezni - LD studio","isPartOf":{"@id":"https:\/\/ldstudio.si\/#website"},"primaryImageOfPage":{"@id":"https:\/\/ldstudio.si\/index.php\/product\/fotografska-zgodba-ljubezni\/#primaryimage"},"image":{"@id":"https:\/\/ldstudio.si\/index.php\/product\/fotografska-zgodba-ljubezni\/#primaryimage"},"thumbnailUrl":"https:\/\/ldstudio.si\/wp-content\/uploads\/2025\/01\/20250117_170126.jpg","datePublished":"2025-01-18T16:13:49+00:00","dateModified":"2026-03-19T08:17:46+00:00","description":"Ujemite \u010darobne trenutke s personaliziranim dekorjem \"Fotografska zgodba ljubezni\". Z mo\u017enostjo lesenega podstavka ali okvirja. Idealno za darilo.","breadcrumb":{"@id":"https:\/\/ldstudio.si\/index.php\/product\/fotografska-zgodba-ljubezni\/#breadcrumb"},"inLanguage":"sl-SI","potentialAction":[{"@type":"ReadAction","target":["https:\/\/ldstudio.si\/index.php\/product\/fotografska-zgodba-ljubezni\/"]}]},{"@type":"ImageObject","inLanguage":"sl-SI","@id":"https:\/\/ldstudio.si\/index.php\/product\/fotografska-zgodba-ljubezni\/#primaryimage","url":"https:\/\/ldstudio.si\/wp-content\/uploads\/2025\/01\/20250117_170126.jpg","contentUrl":"https:\/\/ldstudio.si\/wp-content\/uploads\/2025\/01\/20250117_170126.jpg","width":1440,"height":1920,"caption":"Personaliziran okvir z unikatnimi spomini"},{"@type":"BreadcrumbList","@id":"https:\/\/ldstudio.si\/index.php\/product\/fotografska-zgodba-ljubezni\/#breadcrumb","itemListElement":[{"@type":"ListItem","position":1,"name":"Home","item":"https:\/\/ldstudio.si\/"},{"@type":"ListItem","position":2,"name":"Trgovina","item":"https:\/\/ldstudio.si\/index.php\/trgovina\/"},{"@type":"ListItem","position":3,"name":"Fotografska zgodba ljubezni"}]},{"@type":"WebSite","@id":"https:\/\/ldstudio.si\/#website","url":"https:\/\/ldstudio.si\/","name":"LD studio","description":"","publisher":{"@id":"https:\/\/ldstudio.si\/#organization"},"potentialAction":[{"@type":"SearchAction","target":{"@type":"EntryPoint","urlTemplate":"https:\/\/ldstudio.si\/?s={search_term_string}"},"query-input":{"@type":"PropertyValueSpecification","valueRequired":true,"valueName":"search_term_string"}}],"inLanguage":"sl-SI"},{"@type":"Organization","@id":"https:\/\/ldstudio.si\/#organization","name":"LD studio","url":"https:\/\/ldstudio.si\/","logo":{"@type":"ImageObject","inLanguage":"sl-SI","@id":"https:\/\/ldstudio.si\/#\/schema\/logo\/image\/","url":"https:\/\/ldstudio.si\/wp-content\/uploads\/2024\/11\/Artboard-1@2x.png","contentUrl":"https:\/\/ldstudio.si\/wp-content\/uploads\/2024\/11\/Artboard-1@2x.png","width":543,"height":602,"caption":"LD studio"},"image":{"@id":"https:\/\/ldstudio.si\/#\/schema\/logo\/image\/"}}]}},"wcpa_form_fields":{"wcpaData":{"product":{"product_price":28.5,"price_html":"<span class=\"woocommerce-Price-amount amount\"><bdi>28,50&nbsp;<span class=\"woocommerce-Price-currencySymbol\">&euro;<\/span><\/bdi><\/span> &ndash; <span class=\"woocommerce-Price-amount amount\"><bdi>29,90&nbsp;<span class=\"woocommerce-Price-currencySymbol\">&euro;<\/span><\/bdi><\/span>","original_product_price":28.5,"price_including_tax":28.5,"price_excluding_tax":28.5,"product_id":{"parent":1829,"variation":false},"is_variable":true,"stock_status":"instock","stock_quantity":null,"parent_sku":"","product_attributes":{"podstavek-okvir":{"is_variation":true,"values":[]}},"custom_fields":[],"is_taxable":false,"product_name":"Fotografska zgodba ljubezni","hasImage":false},"fields":{"sec_7678bd20c60e55":{"extra":{"key":"sec_7678bd20c60e55","section_id":"sec_7678bd20c60e55","name":"Default","status":1,"cl_rule":"show","enableCl":false,"relations":[],"toggle":true,"title_tag":"h3","show_title":false,"showPrice":"default","form_id":1831,"form_rules":{"exclude_from_discount":false,"fee_label":"Pristojbina","disp_hide_options_price":false,"disp_show_section_price":false,"disp_show_field_price":true,"layout_option":"standard","pric_use_as_fee":false,"process_fee_as":"woo_fee"},"layout_option":"standard"},"fields":[[{"active":true,"col":6,"relations":false,"cl_rule":"show","enableCl":false,"price":"","enablePrice":false,"className":"","label_position":"default","desc_position":"default","type":"text","subtype":"text","required":true,"elementId":"text_2165772651","label":"VPI\u0160I IMENI","name":"text_2165772651","value":"","error":false,"gt_translate_keys":["label","value"],"price_dependency":false,"cl_dependency":false}],[{"active":true,"col":6,"relations":false,"cl_rule":"show","enableCl":false,"price":"","enablePrice":false,"className":"","label_position":"default","desc_position":"default","type":"text","subtype":"text","required":true,"elementId":"text_6592533154","label":"VPI\u0160I VERZ (\u010de ne \u017eeli\u0161 verza, vpi\u0161i BREZ VERZA)","name":"text_6592533154","value":"","error":false,"gt_translate_keys":["label","value"],"price_dependency":false,"cl_dependency":false}],[{"active":true,"col":6,"relations":false,"cl_rule":"show","enableCl":false,"price":"","enablePrice":false,"className":"","label_position":"default","desc_position":"default","type":"file","required":true,"elementId":"file_6638181779","name":"file_6638181779","label":"SLIKA OZADJA","upload_type":"ajax","uploadSize":500,"file_types":["images","docs","design"],"error":false,"allowedFileTypes":"image\/*,.doc,.docx,.xml,.dot,.docm,.dotm,.dotx,.htm,.html,.odt,.pdf,.rtf,.txt,.wps,.xps,application\/msword,application\/vnd,.psd,.eps,.ai,.indd,.raw","gt_translate_keys":["label"],"price_dependency":false,"cl_dependency":false,"value":""}],[{"active":true,"col":6,"relations":false,"cl_rule":"show","enableCl":false,"price":"","enablePrice":false,"className":"","label_position":"default","desc_position":"default","type":"file","required":true,"elementId":"file_6653647920","name":"file_6653647920","label":"DODAJ SLIKE ","upload_type":"ajax","uploadSize":500,"file_types":["images","docs","design"],"error":false,"multiple_upload":true,"max_file_count":"3","minUploadSize":"","min_file_count":"3","allowedFileTypes":"image\/*,.doc,.docx,.xml,.dot,.docm,.dotm,.dotx,.htm,.html,.odt,.pdf,.rtf,.txt,.wps,.xps,application\/msword,application\/vnd,.psd,.eps,.ai,.indd,.raw","gt_translate_keys":["label"],"price_dependency":false,"cl_dependency":false,"value":""}]]}},"config":{"price_override":"","enable_recaptcha":false,"bind_quantity":false,"quantity_bind_formula":false,"disp_summ_show_option_price":true,"disp_summ_show_product_price":true,"disp_summ_show_total_price":true,"disp_summ_show_fee":false,"disp_summ_show_discount":false,"summary_title":"","options_total_label":"Cena mo\u017enosti","total_label":"Skupaj","options_product_label":"Cena izdelka","fee_label":"Pristojbina","discount_label":"Popust","has_price":true,"has_quantity_formula":false},"mc_unit":1,"tax_rate":1,"tax_rate_real":1,"discount":{"percentage":0,"fixed":0},"design":{"conf":{"LabelPosition":"above","DescPosition":"above","UploadField":"custom_1","QuantityFieldStyle":"default"},"css":{"LeftLabelWidth":"120px"}},"formulas":[],"clones":false,"cartKey":false}},"_links":{"self":[{"href":"https:\/\/ldstudio.si\/index.php\/wp-json\/wp\/v2\/product\/1829","targetHints":{"allow":["GET"]}}],"collection":[{"href":"https:\/\/ldstudio.si\/index.php\/wp-json\/wp\/v2\/product"}],"about":[{"href":"https:\/\/ldstudio.si\/index.php\/wp-json\/wp\/v2\/types\/product"}],"replies":[{"embeddable":true,"href":"https:\/\/ldstudio.si\/index.php\/wp-json\/wp\/v2\/comments?post=1829"}],"wp:featuredmedia":[{"embeddable":true,"href":"https:\/\/ldstudio.si\/index.php\/wp-json\/wp\/v2\/media\/1813"}],"wp:attachment":[{"href":"https:\/\/ldstudio.si\/index.php\/wp-json\/wp\/v2\/media?parent=1829"}],"wp:term":[{"taxonomy":"product_brand","embeddable":true,"href":"https:\/\/ldstudio.si\/index.php\/wp-json\/wp\/v2\/product_brand?post=1829"},{"taxonomy":"product_cat","embeddable":true,"href":"https:\/\/ldstudio.si\/index.php\/wp-json\/wp\/v2\/product_cat?post=1829"},{"taxonomy":"product_tag","embeddable":true,"href":"https:\/\/ldstudio.si\/index.php\/wp-json\/wp\/v2\/product_tag?post=1829"}],"curies":[{"name":"wp","href":"https:\/\/api.w.org\/{rel}","templated":true}]}}